) = -2*k - 8. Let b be c(-6). Let a(h) = h**3 - 6*h**2 + h + 3. Let m be a(b). Let p = -15 - m. What is the units digit of p?
0
Let b = -6 + 5. What is the units digit of ((-5)/10)/(b/24)?
2
Suppose 3*l = 7 - 1. Suppose -l*m - 42 = -5*m. Let j = m + -8. What is the units digit of j?
6
Suppose 3*k + 4*n - 19 = -0*n, -n + 7 = k. Let h be (-1)/(-4)*2*4. What is the units digit of (h - 4 - k)/(-1)?
1
Let i be (-19)/(-5) - 3/(-15). What is the units digit of 6/i*8/12?
1
Let i = 5 + -3. Suppose 28 + 0 = i*y. What is the units digit of y?
4
Let n(f) = -f**3 - 11*f**2 + 7*f - 6. What is the units digit of n(-13)?
1
What is the units digit of 3 - 4*3/24*-124?
5
Let a(n) = n**2 - 13*n + 2. Let v be a(12). Let m(t) = t + 21. What is the tens digit of m(v)?
1
What is the tens digit of 12/((6/9)/1)?
1
Let m be 12/(-10)*20/(-8). Suppose -l = l - m*d - 24, -36 = -3*l + 4*d. What is the tens digit of l?
1
Let b(s) = s**2 - 6*s + 6. Let o be b(8). Suppose -4*q + o = -66. What is the tens digit of q?
2
Let f = -95 - -148. What is the units digit of f?
3
Suppose 0 = -3*m - m + 20. What is the units digit of m?
5
Let k = -110 - -188. What is the units digit of k?
8
Let n be 2 - (4 - 2)/(-2). Suppose n*x - 3 = 3. What is the units digit of x?
2
Suppose 6*f - f - z - 29 = 0, 5*z = 5. Let s = 11 - f. What is the units digit of s?
5
Suppose 4*k - 38 = 2*k. What is the tens digit of k?
1
Let g(f) = f**2 - 17*f - 61. What is the units digit of g(26)?
3
Let t(p) = -12*p + 2*p**2 + 8 - p**2 + 4*p. Let k be t(7). Let s = 2 - k. What is the units digit of s?
1
Suppose -k + 4 = 0, -2*k = -5*d - 0*k + 57. Let v = 26 - d. What is the units digit of v?
3
Let s(n) = 0*n + 4 - n**3 + 2*n - 4*n + 7*n**2 - 8. What is the units digit of s(6)?
0
Let d(w) = -4*w**2 - 4*w**2 - 10 - 11*w + 2*w**3 - 3*w**3. What is the tens digit of d(-7)?
1
Suppose 5*c = c + 16. What is the units digit of c?
4
Suppose 0 = 5*y - 26 + 1. Suppose 0 = y*g - 0*v - 2*v - 135, 0 = -3*g + 2*v + 77. What is the units digit of g?
9
Let i(k) = -k**2 + k + 15. Suppose 2*r - 5*r = 0. What is the tens digit of i(r)?
1
Suppose -2*j + 209 = -n, j = n + 4*n + 109. What is the hundreds digit of j?
1
Let j be -15*(1 + 12/(-20)). Suppose 4 = -t, -5*t = -5*h + 8 + 87. Let r = j + h. What is the units digit of r?
9
Suppose 20 = 5*l + 5. Suppose 5*j = -2*p + 15, j + 5 = l*j + p. What is the units digit of j?
5
What is the tens digit of (-1 - -4) + -12 + 22?
1
Let w = 142 + 7. What is the tens digit of w?
4
Suppose 5*z = 78 + 67. What is the tens digit of z?
2
Let b be 1/4 + 42/(-8). What is the tens digit of b/(15/(-96)) - 2?
3
Suppose 3 = 3*t, 3*m + m - 5*t + 9 = 0. Let v(f) = -17*f + 1. What is the tens digit of v(m)?
1
Let y(u) = -6*u - 4. Let q be y(-11). Let v = 109 - q. What is the units digit of v?
7
Suppose -2 = -h - h. What is the units digit of h?
1
Let s = -16 - -22. What is the units digit of s?
6
Let h(d) = 2*d - 10. Suppose -3*j + 5*f + 22 = 6, 0 = -5*j + f + 34. Let r be h(j). Suppose -5*v - x + r = -15, 3*v = x + 13. What is the units digit of v?
4
Suppose 2*y = -0*y + 10. Suppose 2*p - y = -1. What is the units digit of p?
2
Let k(q) = 16*q**2 + 5. What is the units digit of k(3)?
9
Suppose 7*s = 3*s. Let w = s + -2. Let i = 1 - w. What is the units digit of i?
3
Let f(g) = -g**2 + 13*g - 9. Let a be f(12). Let b = 12 - a. What is the units digit of b?
9
Suppose -4*q = 5*m - q - 50, 5*q = 4*m - 3. Let x(z) = -z**3 + 6*z**2 + 10*z - 8. What is the tens digit of x(m)?
1
Let w(b) = -b**2 + 10*b + 7. Suppose 30 = 11*f - 8*f. What is the units digit of w(f)?
7
Let x(p) = 7*p**2 - 2*p + 1. Let o be x(1). Let c = o + 6. Let l = c - 1. What is the tens digit of l?
1
Let y(t) = -13*t + 5. Let z(s) = -12*s + 4. Let v(w) = 5*y(w) - 6*z(w). Let n be v(1). Suppose g - n = -g. What is the units digit of g?
4
Let f(y) = -y + 30. Let s = 8 - 8. What is the tens digit of f(s)?
3
Let x(w) = 5*w + 6. Let p be x(-4). What is the units digit of p/6*12/(-4)?
7
Let k be (-6)/1 + 1 - 0. Let f be -1 + k/(10/4). Let j = f - -6. What is the units digit of j?
3
Suppose 5*j + 620 = 5*h, 5*h + j - 602 = -3*j. What is the hundreds digit of h?
1
Suppose 0 = y - 3*y + 8. Suppose 8*p = y*p + 96. What is the tens digit of p?
2
Let k = 11 + 0. Let x = k - -3. What is the tens digit of x?
1
Let s(z) = z**2 - z - 2. Let n(f) = -f**2 + 2*f - 2. Let b be n(2). What is the units digit of s(b)?
4
Suppose 219 + 8 = 3*l - 5*h, 0 = 5*l - 4*h - 374. What is the tens digit of l?
7
Suppose 3*h = 3*u + 48, -h - u + 31 = u. What is the units digit of h?
1
Let c be (-9)/(-6)*(-8)/(-3). Suppose c*z + 121 = 6*z + 5*v, 3*v + 66 = z. What is the tens digit of 1148/z - 4/18?
1
Let z = -155 + 260. What is the hundreds digit of z?
1
Let g(z) be the first derivative of z**3/3 + 2*z**2 - 4*z + 1. What is the units digit of g(-5)?
1
Let p(j) = -49*j**2 - 1. Let c be p(-1). What is the units digit of (42/5)/((-15)/c)?
8
Suppose -2*k + 7*k = -2*r + 200, k = r + 33. What is the tens digit of k?
3
Let p(k) = -k**3 + 14*k**2 - k + 17. Let h be p(14). Suppose -h*g = -0*g - 5*y - 65, -5*g + 127 = y. What is the units digit of g?
5
Suppose k = -3*f + 84 + 53, 2*k + 41 = f. What is the units digit of f?
5
Suppose -3*u + 5*g = 19, -5*u - 2*g = -4*u - 12. Suppose u*d - h = 7, 2*h = -5*d + h + 28. What is the units digit of 22/d + 4/(-10)?
4
Suppose 4*d = -3*j + 161, 3*d + 210 = 4*j + 6*d. What is the tens digit of j?
5
Suppose -2*o - 6 = -5*o. Suppose -4*s - o*n = -124, -7*s + 3*s + 4*n = -124. What is the units digit of s?
1
Suppose a - 10 = 3*b - 3*a, -4*b - 5*a + 28 = 0. Suppose -b = r - 49. What is the units digit of r?
7
Suppose 5*h = -7 - 3. Let v(x) = -3*x - 2. Let p(s) = 7*s + 5. Let j(d) = 2*p(d) + 5*v(d). What is the units digit of j(h)?
2
Suppose -u + 22 = -3. What is the tens digit of u?
2
Let s(c) = -c**2 + 8*c - 3. Suppose 2*r - 7*r = 0. Suppose r = 3*d - 0*d - 21. What is the units digit of s(d)?
4
Let m be (-2)/(-7) - 74/14. Let a = 4 - m. What is the units digit of a?
9
Let s = 8 + -17. Let l be 2*s/(-2) - 3. Let u = 1 + l. What is the units digit of u?
7
Let o be (-32)/(-3) + (-2)/3. Suppose 9 = -q + 5*d, 0 = -0*d + 2*d - o. Suppose 2*j = 46 - q. What is the units digit of j?
5
Suppose 3*o - 2*x = 12 - 52, 0 = -o - 3*x - 6. Let y(w) = -w + 1. What is the tens digit of y(o)?
1
Let a be 3*(1 + 0/(-2)). Suppose 0 = -a*f - 6, j + 3*f + 2*f = -13. Let c(z) = -z**2 - 7*z - 3. What is the units digit of c(j)?
9
Let i = -45 - -43. Let u(d) = -2*d**2 - 4*d - 3. Let o(c) = 3*c**2 + 4*c + 3. Let y(t) = 5*o(t) + 6*u(t). What is the units digit of y(i)?
7
Suppose -2*p + 4*p = 60. Suppose 3*w - 4*w = -p. What is the tens digit of w?
3
Let w be 14/(-4*(-2)/20). Suppose 0 = -4*x + w + 25. What is the tens digit of x?
1
Let h(k) = -k**2 - 10*k + 16. What is the units digit of h(-9)?
5
Let c = -8 + 13. Suppose 0 = -3*i + 4*i. What is the units digit of (-2)/(i - 2/c)?
5
Let g(j) = j**2 - 3*j + 3. What is the units digit of g(3)?
3
Suppose 3*r - 341 = -r - i, 0 = 3*i - 3. What is the tens digit of r?
8
Let u = 217 + -153. What is the tens digit of u?
6
Let g = -2 - -215. What is the hundreds digit of g?
2
Let v be 3*(-2 - 5/(-3)). Let w = 23 + v. What is the units digit of w?
2
Let c(i) = -4*i - 1 + 5*i + 2. Let g(f) = 18*f + 12. Let p(r) = 12*c(r) - g(r). What is the units digit of p(-3)?
8
Suppose -9*g + 11*g - 2 = 0. Let o(x) = 2*x + 7*x**2 + 2*x - 5*x. What is the units digit of o(g)?
6
Let x = -18 - -30. Let c = x - -18. What is the units digit of c?
0
Let n(q) = -q**2 - 26*q + 18. What is the tens digit of n(-13)?
8
Let u = 11 - 9. Suppose 2*b - 6 = -v, -b + 4*b - 11 = -u*v. What is the units digit of v?
4
Let n be 2*2/(-4)*-2. Let f(x) = -x - 6. Let g be f(-5). Let t = g + n. What is the units digit of t?
1
Suppose -a = -262 + 48. What is the units digit of a?
4
Let w(u) = 4*u - 7 - 9 + 10. What is the units digit of w(4)?
0
Let c be 1 + -2*(-6)/(-4). Let u(f) = f**3 + 3*f**2 + 4*f + 2. Let m be u(c). Let r = m - -7. What is the units digit of r?
5
Suppose 4 + 4 = 2*z. Suppose -z*n = -3*k + k + 18, -9 = -k + 5*n. What is the units digit of k?
9
Suppose -y = 3*r - 123, y - 4*r + 359 = 4*y. What is the units digit of y?
7
Suppose 4*j = -3*i + 29, -4*i = j - 3*j - 24. Su